{"id":2435,"date":"2015-02-25T19:12:00","date_gmt":"2015-02-25T19:12:00","guid":{"rendered":"https:\/\/thelatinacenter.org\/sun-sista-programa-de-educacion-y-prevencion-del-vih\/"},"modified":"2015-02-25T19:12:00","modified_gmt":"2015-02-25T19:12:00","slug":"sun-sista-programa-de-educacion-y-prevencion-del-vih","status":"publish","type":"page","link":"https:\/\/thelatinacenter.org\/es\/sun-sista-programa-de-educacion-y-prevencion-del-vih\/","title":{"rendered":"SUN\/SISTA: Programa de educaci\u00f3n y prevenci\u00f3n del VIH"},"content":{"rendered":"<p>Un nuevo proyecto financiado por The California Wellness Foundation en 2015, <em>Escucha Nuestra<\/em> Historia proporcionar\u00e1 divulgaci\u00f3n y educaci\u00f3n en espa\u00f1ol, impartida por l\u00edderes capacitados de la comunidad, para aumentar la conciencia sobre el VIH, reducir el estigma y reducir la transmisi\u00f3n del VIH entre los latinos en los condados de Contra Costa y N. Alameda.<\/p>\n","protected":false},"excerpt":{"rendered":"<p>Un nuevo proyecto financiado por The California Wellness Foundation en 2015, Escucha Nuestra Historia proporcionar\u00e1 divulgaci\u00f3n y educaci\u00f3n en espa\u00f1ol, impartida por l\u00edderes capacitados de la comunidad, para aumentar la [&hellip;]<\/p>\n","protected":false},"author":1,"featured_media":0,"parent":0,"menu_order":0,"comment_status":"open","ping_status":"open","template":"","meta":{"_et_pb_use_builder":"","_et_pb_old_content":"","_et_gb_content_width":"","_themeisle_gutenberg_block_has_review":false,"footnotes":""},"class_list":["post-2435","page","type-page","status-publish","hentry"],"_links":{"self":[{"href":"https:\/\/thelatinacenter.org\/es\/wp-json\/wp\/v2\/pages\/2435","targetHints":{"allow":["GET"]}}],"collection":[{"href":"https:\/\/thelatinacenter.org\/es\/wp-json\/wp\/v2\/pages"}],"about":[{"href":"https:\/\/thelatinacenter.org\/es\/wp-json\/wp\/v2\/types\/page"}],"author":[{"embeddable":true,"href":"https:\/\/thelatinacenter.org\/es\/wp-json\/wp\/v2\/users\/1"}],"replies":[{"embeddable":true,"href":"https:\/\/thelatinacenter.org\/es\/wp-json\/wp\/v2\/comments?post=2435"}],"version-history":[{"count":0,"href":"https:\/\/thelatinacenter.org\/es\/wp-json\/wp\/v2\/pages\/2435\/revisions"}],"wp:attachment":[{"href":"https:\/\/thelatinacenter.org\/es\/wp-json\/wp\/v2\/media?parent=2435"}],"curies":[{"name":"wp","href":"https:\/\/api.w.org\/{rel}","templated":true}]}}

SUN/SISTA: Programa de educación y prevención del VIH

<p>Un nuevo proyecto financiado por The California Wellness Foundation en 2015, <em>Escucha Nuestra</em> Historia proporcionará divulgación y educación en español, impartida por líderes capacitados de la comunidad, para aumentar la conciencia sobre el VIH, reducir el estigma y reducir la transmisión del VIH entre los latinos en los condados de Contra Costa y N. Alameda.</p>

<p>Un nuevo proyecto financiado por The California Wellness Foundation en 2015, Escucha Nuestra Historia proporcionará divulgación y educación en español, impartida por líderes capacitados de la comunidad, para aumentar la [&hellip;]</p>
