{"id":2460,"date":"2014-09-16T08:45:07","date_gmt":"2014-09-16T08:45:07","guid":{"rendered":"https:\/\/thelatinacenter.org\/alumni\/"},"modified":"2014-09-16T08:45:07","modified_gmt":"2014-09-16T08:45:07","slug":"alumni","status":"publish","type":"page","link":"https:\/\/thelatinacenter.org\/es\/alumni\/","title":{"rendered":"Alumni"},"content":{"rendered":"<p><strong>La Comunidad Latina de Alumnas Graduadas (CLAG) \/ The Latina Community of Graduate Alumnae<\/strong><\/p>\n<p>A trav\u00e9s de la Comunidad Latina de Alumnas L\u00edderes (LCAL), participar\u00e1s en c\u00edrculos especiales de aprendizaje exclusivamente dise\u00f1ados para promover el avance del liderazgo de las L\u00edderes graduadas. Ayudar\u00e1s <strong>al Centro de Latinas<\/strong> a identificar prioridades para las Iniciativas de las Exalumnas y ser\u00e1s un modelo de est\u00edmulo y apoyo para las L\u00edderes Pares MSL actuales.<\/p>\n","protected":false},"excerpt":{"rendered":"<p>La Comunidad Latina de Alumnas Graduadas (CLAG) \/ The Latina Community of Graduate Alumnae A trav\u00e9s de la Comunidad Latina de Alumnas L\u00edderes (LCAL), participar\u00e1s en c\u00edrculos especiales de aprendizaje [&hellip;]<\/p>\n","protected":false},"author":1,"featured_media":0,"parent":0,"menu_order":0,"comment_status":"open","ping_status":"open","template":"","meta":{"_et_pb_use_builder":"","_et_pb_old_content":"","_et_gb_content_width":"","_themeisle_gutenberg_block_has_review":false,"footnotes":""},"class_list":["post-2460","page","type-page","status-publish","hentry"],"_links":{"self":[{"href":"https:\/\/thelatinacenter.org\/es\/wp-json\/wp\/v2\/pages\/2460","targetHints":{"allow":["GET"]}}],"collection":[{"href":"https:\/\/thelatinacenter.org\/es\/wp-json\/wp\/v2\/pages"}],"about":[{"href":"https:\/\/thelatinacenter.org\/es\/wp-json\/wp\/v2\/types\/page"}],"author":[{"embeddable":true,"href":"https:\/\/thelatinacenter.org\/es\/wp-json\/wp\/v2\/users\/1"}],"replies":[{"embeddable":true,"href":"https:\/\/thelatinacenter.org\/es\/wp-json\/wp\/v2\/comments?post=2460"}],"version-history":[{"count":0,"href":"https:\/\/thelatinacenter.org\/es\/wp-json\/wp\/v2\/pages\/2460\/revisions"}],"wp:attachment":[{"href":"https:\/\/thelatinacenter.org\/es\/wp-json\/wp\/v2\/media?parent=2460"}],"curies":[{"name":"wp","href":"https:\/\/api.w.org\/{rel}","templated":true}]}}

<p><strong>La Comunidad Latina de Alumnas Graduadas (CLAG) / The Latina Community of Graduate Alumnae</strong></p>
<p>A través de la Comunidad Latina de Alumnas Líderes (LCAL), participarás en círculos especiales de aprendizaje exclusivamente diseñados para promover el avance del liderazgo de las Líderes graduadas. Ayudarás <strong>al Centro de Latinas</strong> a identificar prioridades para las Iniciativas de las Exalumnas y serás un modelo de estímulo y apoyo para las Líderes Pares MSL actuales.</p>

<p>La Comunidad Latina de Alumnas Graduadas (CLAG) / The Latina Community of Graduate Alumnae A través de la Comunidad Latina de Alumnas Líderes (LCAL), participarás en círculos especiales de aprendizaje [&hellip;]</p>
