{"id":2489,"date":"2024-01-26T20:54:27","date_gmt":"2024-01-26T20:54:27","guid":{"rendered":"https:\/\/thelatinacenter.org\/capacitacion-economica\/"},"modified":"2025-06-09T16:55:01","modified_gmt":"2025-06-09T16:55:01","slug":"capacitacion-economica","status":"publish","type":"page","link":"https:\/\/thelatinacenter.org\/es\/capacitacion-economica\/","title":{"rendered":"Empoderamiento Econ\u00f3mico"},"content":{"rendered":"<p>[et_pb_section fb_built=\u00bb1&#8243; admin_label=\u00bbPage Header\u00bb _builder_version=\u00bb4.24.0&#8243; background_color=\u00bbRGBA(255,255,255,0)\u00bb background_image=\u00bbhttps:\/\/thelatinacenter.org\/wp-content\/uploads\/2024\/02\/ShopNow_Banner_collage_jpg-scaled.jpg\u00bb max_width=\u00bb100%\u00bb max_height=\u00bb337px\u00bb custom_padding=\u00bb67px|0px|67.1875px|0px|false|false\u00bb animation_style=\u00bbzoom\u00bb animation_intensity_zoom=\u00bb4%\u00bb global_colors_info=\u00bb{}\u00bb][\/et_pb_section][et_pb_section fb_built=\u00bb1&#8243; _builder_version=\u00bb4.24.0&#8243; _module_preset=\u00bbdefault\u00bb min_height=\u00bb759.9px\u00bb custom_margin=\u00bb||29px|||\u00bb custom_padding=\u00bb||0px||false|false\u00bb global_colors_info=\u00bb{}\u00bb][et_pb_row _builder_version=\u00bb4.24.0&#8243; _module_preset=\u00bbdefault\u00bb global_colors_info=\u00bb{}\u00bb][et_pb_column type=\u00bb4_4&#8243; _builder_version=\u00bb4.24.0&#8243; _module_preset=\u00bbdefault\u00bb background_color=\u00bbRGBA(255,255,255,0)\u00bb global_colors_info=\u00bb{}\u00bb][et_pb_heading title=\u00bbCapacitaci\u00f3n econ\u00f3mica  \u00bb _builder_version=\u00bb4.24.0&#8243; _module_preset=\u00bbdefault\u00bb title_font=\u00bb|600|||||||\u00bb background_color=\u00bbRGBA(255,255,255,0)\u00bb global_colors_info=\u00bb{}\u00bb][\/et_pb_heading][\/et_pb_column][\/et_pb_row][et_pb_row _builder_version=\u00bb4.24.0&#8243; _module_preset=\u00bbdefault\u00bb custom_padding=\u00bb2px|||||\u00bb global_colors_info=\u00bb{}\u00bb][et_pb_column type=\u00bb4_4&#8243; _builder_version=\u00bb4.24.0&#8243; _module_preset=\u00bbdefault\u00bb background_color=\u00bbRGBA(255,255,255,0)\u00bb global_colors_info=\u00bb{}\u00bb][et_pb_text _builder_version=\u00bb4.24.0&#8243; _module_preset=\u00bbdefault\u00bb custom_margin=\u00bb-20px|||||\u00bb custom_padding=\u00bb13px|||||\u00bb global_colors_info=\u00bb{}\u00bb]<\/p>\n<p>Apoyamos la capacitaci\u00f3n econ\u00f3mica de los latinos, incluidas sus iniciativas empresariales y su independencia financiera.  <\/p>\n<p>[\/et_pb_text][\/et_pb_column][\/et_pb_row][et_pb_row column_structure=\u00bb1_2,1_2&#8243; _builder_version=\u00bb4.24.0&#8243; _module_preset=\u00bbdefault\u00bb custom_padding=\u00bb0px|||||\u00bb global_colors_info=\u00bb{}\u00bb][et_pb_column type=\u00bb1_2&#8243; _builder_version=\u00bb4.24.0&#8243; _module_preset=\u00bbdefault\u00bb background_color=\u00bbRGBA(255,255,255,0)\u00bb global_colors_info=\u00bb{}\u00bb][et_pb_blurb title=\u00bbPrograma Microenterpise\u00bb image=\u00bbhttps:\/\/thelatinacenter.org\/wp-content\/uploads\/2024\/02\/Banner_ME_Option_Gala_7x5.png\u00bb _builder_version=\u00bb4.24.0&#8243; _module_preset=\u00bbdefault\u00bb header_font=\u00bb|700|||||||\u00bb custom_margin=\u00bb||13px|||\u00bb global_colors_info=\u00bb{}\u00bb]<\/p>\n<p>Un programa que ofrece clases, talleres, asistencia t\u00e9cnica, peque\u00f1as subvenciones, una red de pares y otros apoyos para ayudar a los latinos emprendedores a tener \u00e9xito.<\/p>\n<p>[\/et_pb_blurb][et_pb_button button_text=\u00bbSeguir leyendo\u00bb button_alignment=\u00bbcenter\u00bb _builder_version=\u00bb4.24.0&#8243; _module_preset=\u00bbdefault\u00bb custom_button=\u00bbon\u00bb button_text_size=\u00bb18px\u00bb button_text_color=\u00bb#000000&#8243; button_border_width=\u00bb3px\u00bb button_border_radius=\u00bb35px\u00bb button_font=\u00bb|600|||||||\u00bb button_icon_color=\u00bb#000000&#8243; button_on_hover=\u00bboff\u00bb global_colors_info=\u00bb{}\u00bb][\/et_pb_button][\/et_pb_column][et_pb_column type=\u00bb1_2&#8243; _builder_version=\u00bb4.24.0&#8243; _module_preset=\u00bbdefault\u00bb background_color=\u00bbRGBA(255,255,255,0)\u00bb global_colors_info=\u00bb{}\u00bb][et_pb_blurb title=\u00bbTalleres sobre independencia financiera\u00bb image=\u00bbhttps:\/\/thelatinacenter.org\/wp-content\/uploads\/2024\/02\/FI_Workshop_7x5.jpg\u00bb _builder_version=\u00bb4.24.0&#8243; _module_preset=\u00bbdefault\u00bb header_font=\u00bb|700|||||||\u00bb global_colors_info=\u00bb{}\u00bb]<\/p>\n<p>El Centro Latina organiza talleres para ayudar a las personas, en particular a las mujeres, a gestionar sus finanzas y aprender nuevas habilidades.<\/p>\n<p>[\/et_pb_blurb][et_pb_button button_text=\u00bbSeguir leyendo\u00bb button_alignment=\u00bbcenter\u00bb _builder_version=\u00bb4.24.0&#8243; _module_preset=\u00bbdefault\u00bb custom_button=\u00bbon\u00bb button_text_size=\u00bb18px\u00bb button_text_color=\u00bb#000000&#8243; button_border_width=\u00bb3px\u00bb button_border_radius=\u00bb35px\u00bb button_font=\u00bb|600|||||||\u00bb button_icon_color=\u00bb#000000&#8243; button_on_hover=\u00bboff\u00bb custom_margin=\u00bb-16px|||||\u00bb global_colors_info=\u00bb{}\u00bb][\/et_pb_button][\/et_pb_column][\/et_pb_row][\/et_pb_section]<\/p>\n","protected":false},"excerpt":{"rendered":"<p>Apoyamos la capacitaci\u00f3n econ\u00f3mica de los latinos, incluidas sus iniciativas empresariales y su independencia financiera. Un programa que ofrece clases, talleres, asistencia t\u00e9cnica, peque\u00f1as subvenciones, una red de pares y [&hellip;]<\/p>\n","protected":false},"author":1,"featured_media":0,"parent":0,"menu_order":0,"comment_status":"closed","ping_status":"closed","template":"","meta":{"_et_pb_use_builder":"on","_et_pb_old_content":"","_et_gb_content_width":"","_themeisle_gutenberg_block_has_review":false,"footnotes":""},"class_list":["post-2489","page","type-page","status-publish","hentry"],"_links":{"self":[{"href":"https:\/\/thelatinacenter.org\/es\/wp-json\/wp\/v2\/pages\/2489","targetHints":{"allow":["GET"]}}],"collection":[{"href":"https:\/\/thelatinacenter.org\/es\/wp-json\/wp\/v2\/pages"}],"about":[{"href":"https:\/\/thelatinacenter.org\/es\/wp-json\/wp\/v2\/types\/page"}],"author":[{"embeddable":true,"href":"https:\/\/thelatinacenter.org\/es\/wp-json\/wp\/v2\/users\/1"}],"replies":[{"embeddable":true,"href":"https:\/\/thelatinacenter.org\/es\/wp-json\/wp\/v2\/comments?post=2489"}],"version-history":[{"count":6,"href":"https:\/\/thelatinacenter.org\/es\/wp-json\/wp\/v2\/pages\/2489\/revisions"}],"predecessor-version":[{"id":3010,"href":"https:\/\/thelatinacenter.org\/es\/wp-json\/wp\/v2\/pages\/2489\/revisions\/3010"}],"wp:attachment":[{"href":"https:\/\/thelatinacenter.org\/es\/wp-json\/wp\/v2\/media?parent=2489"}],"curies":[{"name":"wp","href":"https:\/\/api.w.org\/{rel}","templated":true}]}}

Empoderamiento Económico

<p>[et_pb_section fb_built=»1&#8243; admin_label=»Page Header» _builder_version=»4.24.0&#8243; background_color=»RGBA(255,255,255,0)» background_image=»https://thelatinacenter.org/wp-content/uploads/2024/02/ShopNow_Banner_collage_jpg-scaled.jpg» max_width=»100%» max_height=»337px» custom_padding=»67px|0px|67.1875px|0px|false|false» animation_style=»zoom» animation_intensity_zoom=»4%» global_colors_info=»{}»][/et_pb_section][et_pb_section fb_built=»1&#8243; _builder_version=»4.24.0&#8243; _module_preset=»default» min_height=»759.9px» custom_margin=»||29px|||» custom_padding=»||0px||false|false» global_colors_info=»{}»][et_pb_row _builder_version=»4.24.0&#8243; _module_preset=»default» global_colors_info=»{}»][et_pb_column type=»4_4&#8243; _builder_version=»4.24.0&#8243; _module_preset=»default» background_color=»RGBA(255,255,255,0)» global_colors_info=»{}»][et_pb_heading title=»Capacitación económica  » _builder_version=»4.24.0&#8243; _module_preset=»default» title_font=»|600|||||||» background_color=»RGBA(255,255,255,0)» global_colors_info=»{}»][/et_pb_heading][/et_pb_column][/et_pb_row][et_pb_row _builder_version=»4.24.0&#8243; _module_preset=»default» custom_padding=»2px|||||» global_colors_info=»{}»][et_pb_column type=»4_4&#8243; _builder_version=»4.24.0&#8243; _module_preset=»default» background_color=»RGBA(255,255,255,0)» global_colors_info=»{}»][et_pb_text _builder_version=»4.24.0&#8243; _module_preset=»default» custom_margin=»-20px|||||» custom_padding=»13px|||||» global_colors_info=»{}»]</p>
<p>Apoyamos la capacitación económica de los latinos, incluidas sus iniciativas empresariales y su independencia financiera.  </p>
<p>[/et_pb_text][/et_pb_column][/et_pb_row][et_pb_row column_structure=»1_2,1_2&#8243; _builder_version=»4.24.0&#8243; _module_preset=»default» custom_padding=»0px|||||» global_colors_info=»{}»][et_pb_column type=»1_2&#8243; _builder_version=»4.24.0&#8243; _module_preset=»default» background_color=»RGBA(255,255,255,0)» global_colors_info=»{}»][et_pb_blurb title=»Programa Microenterpise» image=»https://thelatinacenter.org/wp-content/uploads/2024/02/Banner_ME_Option_Gala_7x5.png» _builder_version=»4.24.0&#8243; _module_preset=»default» header_font=»|700|||||||» custom_margin=»||13px|||» global_colors_info=»{}»]</p>
<p>Un programa que ofrece clases, talleres, asistencia técnica, pequeñas subvenciones, una red de pares y otros apoyos para ayudar a los latinos emprendedores a tener éxito.</p>
<p>[/et_pb_blurb][et_pb_button button_text=»Seguir leyendo» button_alignment=»center» _builder_version=»4.24.0&#8243; _module_preset=»default» custom_button=»on» button_text_size=»18px» button_text_color=»#000000&#8243; button_border_width=»3px» button_border_radius=»35px» button_font=»|600|||||||» button_icon_color=»#000000&#8243; button_on_hover=»off» global_colors_info=»{}»][/et_pb_button][/et_pb_column][et_pb_column type=»1_2&#8243; _builder_version=»4.24.0&#8243; _module_preset=»default» background_color=»RGBA(255,255,255,0)» global_colors_info=»{}»][et_pb_blurb title=»Talleres sobre independencia financiera» image=»https://thelatinacenter.org/wp-content/uploads/2024/02/FI_Workshop_7x5.jpg» _builder_version=»4.24.0&#8243; _module_preset=»default» header_font=»|700|||||||» global_colors_info=»{}»]</p>
<p>El Centro Latina organiza talleres para ayudar a las personas, en particular a las mujeres, a gestionar sus finanzas y aprender nuevas habilidades.</p>
<p>[/et_pb_blurb][et_pb_button button_text=»Seguir leyendo» button_alignment=»center» _builder_version=»4.24.0&#8243; _module_preset=»default» custom_button=»on» button_text_size=»18px» button_text_color=»#000000&#8243; button_border_width=»3px» button_border_radius=»35px» button_font=»|600|||||||» button_icon_color=»#000000&#8243; button_on_hover=»off» custom_margin=»-16px|||||» global_colors_info=»{}»][/et_pb_button][/et_pb_column][/et_pb_row][/et_pb_section]</p>

<p>Apoyamos la capacitación económica de los latinos, incluidas sus iniciativas empresariales y su independencia financiera. Un programa que ofrece clases, talleres, asistencia técnica, pequeñas subvenciones, una red de pares y [&hellip;]</p>
